2 + 43 = n. Suppose 4*g = -3*a - 2*a + 41, 5*a - n = -5*g. Suppose -b - g + 20 = 0. List the prime factors of b.
2
Let o be (-188)/(-6) + (-7)/21. Let j = o - 2. Let q = -13 + j. List the prime factors of q.
2
Suppose 0 = 2*n - 7 + 1. Suppose -5*m = z - n*z - 112, 4*z + 32 = 2*m. Suppose 0 = -5*h + 2*h + m. What are the prime factors of h?
2
Suppose 0 = 2*r - 0*r + 3*s - 44, 0 = r - 5*s + 4. Let h = 43 - r. List the prime factors of h.
3
Let a be 6*(1 + 3)/24. List the prime factors of a*(-9)/(-2)*8.
2, 3
Let d = -60 + 91. List the prime factors of d.
31
Let i = -9 + 14. Suppose 0 = -2*t - l + i*l + 34, -4*t = 5*l - 3. List the prime factors of t.
7
Let m(n) be the third derivative of 7*n**4/12 - n**3/3 - 9*n**2. What are the prime factors of m(2)?
2, 13
List the prime factors of (-2)/10 - 5/((-125)/2055).
2, 41
Let v = 29 - 20. Let i(j) = -j - 13. Let x be i(-10). Let n = x + v. What are the prime factors of n?
2, 3
Suppose -2*w = -2*h - 4, 9*h = 4*h - 3*w + 6. Suppose 1 = f - h*f. List the prime factors of f - 1 - (-3 + -1).
2
Suppose -3*x + 3 = 2*u, x = -4*u + 5*x - 4. Suppose -4*f + 3*f + 7 = u. What are the prime factors of f?
7
Suppose -2*h - 150 = -5*h. What are the prime factors of h?
2, 5
Suppose 4*a + 1 = -5*v - 16, 5*v + 8 = -a. Let y be 0/(-1)*(v - -2). What are the prime factors of 2 - (1 - y)*-2?
2
List the prime factors of (-10)/45 - (-407)/9.
3, 5
Let d = -6 + 12. List the prime factors of (36/(-14))/(d/(-42)).
2, 3
Let h(d) = 7*d + 4. List the prime factors of h(4).
2
Let u(x) = x**2 - 4*x + 76. What are the prime factors of u(7)?
97
Let u(t) = -t**3 - 2*t**2 - 4*t + 4. List the prime factors of u(-4).
2, 13
Let f(t) be the first derivative of t**4/4 + 11*t**3/3 - 11*t**2/2 + 15*t - 1. List the prime factors of f(-12).
3
Let g = -17 + 51. Let v = g + -22. List the prime factors of v.
2, 3
Let f be 3 - 5 - (-2 + 1). Let g be f - 2 - 38/(-2). Suppose -4*l - 3*k = -0*k - 32, 0 = 4*k - g. List the prime factors of l.
5
Let b be 0 + (-1 - (-6 - -2)). Suppose 2*h = 3*h - 4, -2*h = b*o - 8. Suppose 2*s + o*s - 2*u - 14 = 0, 0 = 5*s + 4*u - 62. List the prime factors of s.
2, 5
Suppose 5*v = 4*b - 21, 5*b = v - 2*v + 48. Suppose -4*j + 0*j - a + 11 = 0, 3*a = b. Suppose -2*z = -5*z - 12, 0 = 5*g + j*z - 12. List the prime factors of g.
2
Suppose 0 = -2*w + 5 - 1. Suppose 5 - 1 = w*a. Suppose a*l + 3 = 7. What are the prime factors of l?
2
Suppose -n = -s - 12, 3*s + 4*n + 8 = -0*s. List the prime factors of 4/s*(1 - 15).
7
Let g(d) = 9*d - 3. Let s be g(8). Let x = 103 - s. What are the prime factors of x?
2, 17
Suppose 5*x - 512 = -3*r, -2*x + 29 = -2*r - 163. Suppose -j + 41 = z, x = 3*z + 2*j - 20. What are the prime factors of z?
2, 19
Suppose 0 = 3*x - 68 - 145. Suppose -a = -c + 18 + 3, -3*c + 5*a = -x. List the prime factors of c.
17
Let z(l) = l**3 + 6*l**2 + 6*l. Let b(i) = -2*i + 10. Let v be b(7). Let u be z(v). Let f(a) = -a + 11. List the prime factors of f(u).
3
Suppose -2*k = -4*s, -3*s - s + 4*k = 0. Suppose 68 = 4*y - s*y. What are the prime factors of y?
17
Suppose -337 = -y - 0*y. List the prime factors of y.
337
Let g(z) = -z**2 - 6*z - 5. Let l be g(-4). Suppose -l*x = x. Suppose -q + 4*q - 18 = x. List the prime factors of q.
2, 3
Let y be (0 - 0) + (-27 - -4). Let k = y + 37. What are the prime factors of k?
2, 7
Let l(v) = v**3 + 6*v**2 - 4*v - 4. List the prime factors of l(-6).
2, 5
Let t(y) = 2*y**2 + 2*y - 3. Let m(w) = w**2 - 6*w + 2. Let s be m(6). Let h be t(s). Suppose 3*q - 51 = -4*c, -3*q = -c - 0*c + h. List the prime factors of c.
2, 3
Let k(c) = 13 + 5 + 5 - 6 - 7*c. Let f(i) = -4*i + 9. Let o(q) = 11*f(q) - 6*k(q). What are the prime factors of o(-5)?
7
Suppose 13*s - 17*s = -584. What are the prime factors of s?
2, 73
Let r = -64 - -106. List the prime factors of r.
2, 3, 7
Suppose 0 = -7*u + 9*u - 30. List the prime factors of u.
3, 5
Let f(k) be the third derivative of -k**6/120 - k**5/12 - 7*k**4/24 - 5*k**3/6 - k**2. What are the prime factors of f(-4)?
7
Suppose -2*u = w - 45, -3*u + 4*u = w + 15. Suppose -u = -2*z + 4*z. What are the prime factors of 2/10 + (-88)/z?
3
Let k be 1/1 - (8 - 3). Let r(f) = f**2 + f - 2. List the prime factors of r(k).
2, 5
What are the prime factors of 146*5/10 + 5 + -3?
3, 5
Let t = 17 - 30. Let s = t - -22. What are the prime factors of s?
3
Suppose -84 = -0*v - 4*v + 2*i, -119 = -5*v - i. What are the prime factors of v?
23
Let t(u) = u**2 + 2*u - 3. Let x = 5 - 5. Suppose x*q + 3*q = 9. What are the prime factors of t(q)?
2, 3
Let f = -196 - -283. Let n = f + -50. List the prime factors of n.
37
Let q(z) = 8*z**2 - 4*z + 7. Let u(g) = 2*g**2 - g + 2. Let b(i) = -2*q(i) + 9*u(i). What are the prime factors of b(-3)?
5
Let w(g) = 7*g**3 + 2*g + 1. Let x be w(-1). Let v = -4 - x. Suppose 75 = v*q - 3*u, -7*q + 3*q + 45 = 3*u. List the prime factors of q.
3, 5
Suppose -4*f + 65 - 5 = 0. Suppose -2*v - f = -7*v. Let d = 8 - v. List the prime factors of d.
5
Let p(v) = 3*v**2 + 2*v + 147. What are the prime factors of p(0)?
3, 7
Suppose 0 = -3*c + 5*w - 19, 4*c = 4*w - 0 - 12. Suppose -4*t + 4*y = 8, c*y + 4 = -0*y. Let h = 24 + t. What are the prime factors of h?
2, 5
Let l = -6 - 26. Let h = 46 + l. Let r = h + -7. What are the prime factors of r?
7
Suppose -4*u = -10 + 2. Suppose 0 = u*s + 4*t - 30, 10*s + 2*t - 43 = 5*s. List the prime factors of s.
7
Let u = -105 - -171. List the prime factors of 582/u + (-4)/(-22).
3
Suppose -4*p - 4 = 4*w, -3*p + 4*w + w + 21 = 0. Suppose q = -p*j + 53, -4*q - j + 160 = -6*j. List the prime factors of q.
3, 5
Let v(b) = -b**3 - 5*b**2 + 7*b + 9. Let d be v(-6). Suppose d*m + 32 = 7*m. What are the prime factors of m?
2
Let j(n) = n**2 + 3*n - 8. What are the prime factors of j(-7)?
2, 5
Suppose -2*f - 4*m = -6, 7*m - 2*m = -f. Suppose 0 = -f*n + n + 28. What are the prime factors of n?
7
Suppose -2*n + 31 = 9. Suppose 3*s - 1 = n. Suppose s*x - 52 = -4*z, -21 = x - 3*x - z. List the prime factors of x.
2
Let j be ((-80)/(-3))/(2/6). Suppose -6*q + j = -q. What are the prime factors of q?
2
Suppose 4*f - 2*t = 258, 35 + 27 = f - t. Let m = -39 + f. List the prime factors of m.
2, 7
Let t(i) = i**2 - 3*i + 5. Let p be t(3). What are the prime factors of -3*1 - (-55)/p?
2
Suppose 593 = 7*l + 12. What are the prime factors of l?
83
Suppose 4 = 2*n - 0*n. Suppose -78 = -4*i + n*h, -i + 24 = i + 4*h. What are the prime factors of i?
2, 3
Let i be (-2)/7 - (-2)/7. Let h = 0 - i. Suppose h = 4*x + 13 - 41. What are the prime factors of x?
7
Let i be 2*2/4 + 8. Suppose 5*h + i*t + 5 = 4*t, 5*h - 4*t = 40. Suppose -p - 2 = -x + 3, h*p - 22 = -3*x. What are the prime factors of x?
2, 3
Suppose -z + 3*j + 71 = -133, 5*j = z - 204. List the prime factors of z.
2, 3, 17
Suppose 0 = t + 3*f - 1, 0 = -4*t + f - 1 - 8. Let o(h) = 3*h**2 + 2*h + 3. Let z be o(t). List the prime factors of (-210)/(-66) - 2/z.
3
What are the prime factors of 603/36 + 1/4?
17
Let c = 2 + -3. List the prime factors of -12*c/(-2 - -4).
2, 3
Suppose 214 + 16 = 5*h. What are the prime factors of h?
2, 23
List the prime factors of ((-119)/(-21))/((-1)/(-6)).
2, 17
Suppose 0*g + 4*g + 14 = -3*p, 0 = -5*p + 3*g + 25. Let f(a) be the first derivative of 2*a**3/3 + 3*a**2/2 - 2*a + 2. What are the prime factors of f(p)?
2, 3
Let o = -156 - -256. What are the prime factors of o?
2, 5
Suppose 0 = h - 3*h + 32. Let f be h*3*(-4)/3. What are the prime factors of f/(-4) + 3*-1?
13
Let j(d) = -d**2 + 12*d + 17. Let s be j(13). Suppose i + 36 = s*i. List the prime factors of i.
2, 3
Suppose -2*j - 115 = 3*j. Let x = -14 - j. List the prime factors of x.
3
Let l(h) = 2*h + 62. List the prime factors of l(19).
2, 5
Suppose 2*r = -2*y - 3 + 35, y = r - 6. Let m = r + -5. What are the prime factors of m?
2, 3
Suppose -2*a + 8 = -0*a. Suppose a*f - 3*f = -1. What are the prime factors of -2 + (f - 30/(-3))?
7
Suppose -92 = -0*c - 4*c. Let v = 9 + -6. Suppose -j + c = 2*m, -v*m = m - j - 43. List the prime factors of m.
11
Suppose g = 3*g - 76. List the prime factors of g.
2, 19
Let z(r) = -r**3 + 9*r**2 - 9*r + 3. List the prime factors of z(5).
2, 29
Suppose -3*y + 121 = -5*g, 3*g - 1 = 2. What are the prime factors of y?
2, 3, 7
Let s = -20 + 31. Suppose 0 = -l - 4*o + 2*o 